 2453 composite?
True
Is 4601179 a composite number?
True
Is 20789 a composite number?
False
Is 13499 prime?
True
Is 923773 a composite number?
False
Is 527053 a composite number?
False
Is 756527 a composite number?
False
Is 421493 a composite number?
False
Is 296941 prime?
True
Is 87179 a prime number?
True
Is 303517 composite?
True
Is 4054 a composite number?
True
Is 8997 composite?
True
Is 16418 a composite number?
True
Is 3109 a prime number?
True
Is 2579 composite?
False
Is 354001 prime?
True
Is 321947 a prime number?
True
Is 5099 a prime number?
True
Is 127097 a prime number?
False
Is 77969 composite?
False
Is 448763 composite?
True
Is 1243 composite?
True
Is 479 a composite number?
False
Is 2485831 composite?
False
Is 1810345 a prime number?
False
Is 22433 a composite number?
False
Is 20861 a prime number?
False
Is 168977 composite?
False
Is 2465747 a prime number?
True
Is 445261 prime?
True
Is 6907 a prime number?
True
Is 317 a prime number?
True
Is 328709 prime?
True
Is 26794 prime?
False
Is 29977 prime?
False
Is 62945 a composite number?
True
Is 33559 prime?
False
Is 44579 composite?
False
Is 739 composite?
False
Is 38557 a composite number?
False
Is 55949 prime?
True
Is 147307 composite?
True
Is 4111 composite?
False
Is 546067 composite?
False
Is 4783 a composite number?
False
Is 2407 a composite number?
True
Is 2778779 a prime number?
True
Is 203601 a composite number?
True
Is 31469 composite?
False
Is 34187 a prime number?
False
Is 49899 a composite number?
True
Is 76981 a prime number?
False
Is 2424638 prime?
False
Is 24611 prime?
True
Is 2453 prime?
False
Is 72739 a composite number?
False
Is 5039 prime?
True
Is 42589 a prime number?
True
Is 3466 prime?
False
Is 15641 a prime number?
True
Is 1899789 prime?
False
Is 2819 composite?
False
Is 91187 composite?
True
Is 6403 prime?
False
Is 127705 a prime number?
False
Is 40017 a prime number?
False
Is 3761 a prime number?
True
Is 1360409 composite?
False
Is 210659 a composite number?
False
Is 159 a composite number?
True
Is 307 a composite number?
False
Is 555677 composite?
False
Is 35179 prime?
False
Is 7499 prime?
True
Is 58991 composite?
False
Is 13157 a composite number?
True
Is 11617 composite?
False
Is 164309 a prime number?
True
Is 205259 a composite number?
True
Is 35023 composite?
False
Is 2897 a prime number?
True
Is 5231 composite?
False
Is 1403021 a composite number?
False
Is 5138311 a composite number?
False
Is 23981 a composite number?
False
Is 7311 a prime number?
False
Is 19553 composite?
False
Is 1948745 prime?
False
Is 8717 a composite number?
True
Is 1461479 prime?
True
Is 124613 prime?
False
Is 8459 composite?
True
Is 154447 prime?
False
Is 8879 a composite number?
True
Is 11179 a prime number?
False
Is 12787 a prime number?
False
Is 12955 a composite number?
True
Is 8879 a prime number?
False
Is 25087 a composite number?
False
Is 148349 prime?
False
Is 527635 a composite number?
True
Is 146571 prime?
False
Is 18137 composite?
True
Is 174431 a composite number?
False
Is 1518835 a composite number?
True
Is 392321 prime?
True
Is 195101 a prime number?
False
Is 33206 a composite number?
True
Is 47923 composite?
True
Is 176741 prime?
True
Is 7009 prime?
False
Is 42767 a composite number?
False
Is 40343 composite?
False
Is 32467 prime?
True
Is 203531 prime?
True
Is 401717 composite?
True
Is 8887 composite?
False
Is 3206993 composite?
False
Is 199081 a prime number?
True
Is 28727 a prime number?
False
Is 26489 a prime number?
True
Is 853 composite?
False
Is 8285 a prime number?
False
Is 32957 a composite number?
False
Is 27901 composite?
False
Is 415553 a composite number?
False
Is 4783 composite?
False
Is 74059 composite?
True
Is 590641 a composite number?
False
Is 4169 a prime number?
False
Is 1248137 composite?
True
Is 138493 composite?
False
Is 873313 a prime number?
False
Is 37649 a composite number?
False
Is 3149 a composite number?
True
Is 842657 a composite number?
False
Is 223323 a prime number?
False
Is 557 a composite number?
False
Is 506047 prime?
True
Is 844561 a prime number?
False
Is 2195789 composite?
True
Is 9719 a composite number?
False
Is 18077 prime?
True
Is 51431 composite?
False
Is 320719 a composite number?
True
Is 118283 composite?
True
Is 261091 composite?
True
Is 255593 composite?
True
Is 12839 prime?
False
Is 52814 a prime number?
False
Is 46213 prime?
False
Is 70639 a composite number?
False
Is 7091 prime?
False
Is 39817 a composite number?
True
Is 292379 prime?
False
Is 325279 a composite number?
True
Is 26597 a composite number?
False
Is 3067741 composite?
True
Is 877 a composite number?
False
Is 27785 a prime number?
False
Is 10301 a prime number?
True
Is 27997 prime?
True
Is 38501 prime?
True
Is 918319 a composite number?
False
Is 22511 a prime number?
True
Is 19553 a composite number?
False
Is 123701 a prime number?
True
Is 497 composite?
True
Is 30389 a prime number?
True
Is 57 prime?
False
Is 2999 prime?
True
Is 18137 prime?
False
Is 153377 a composite number?
True
Is 28599 a prime number?
False
Is 70786 a prime number?
False
Is 140991 composite?
True
Is 16823 prime?
True
Is 1986797 composite?
False
Is 14909 composite?
True
Is 25223 prime?
False
Is 18923 a prime number?
False
Is 194471 prime?
True
Is 26641 a composite number?
False
Is 236263 prime?
False
Is 98837 a composite number?
False
Is 1322 a prime number?
False
Is 18329 prime?
True
Is 5623 prime?
True
Is 5129 composite?
True
Is 15809 a composite number?
False
Is 3226 a composite number?
True
Is 7349 a composite number?
False
Is 15073 prime?
True
Is 1085587 prime?
True
Is 11057 a composite number?
False
Is 89 a prime number?
True
Is 2325901 a composite number?
False
Is 32807 a composite number?
True
Is 723949 a prime number?
True
Is 4646747 prime?
False
Is 124295 a prime number?
False
Is 399118 a composite number?
True
Is 447 a prime number?
False
Is 187507 prime?
True
Is 6131 a prime number?
True
Is 121477 composite?
True
Is 654871 a prime number?
False
Is 75239 prime?
True
Is 376837 a composite number?
False
Is 43661 a composite number?
False
Is 18637 a prime number?
True
Is 15613 a composite number?
True
Is 11209 prime?
False
Is 12443 prime?
False
Is 623647 a composite number?
True
Is 3251 composite?
False
Is 50143 a composite number?
True
Is 173809 prime?
False
Is 1241041 a prime number?
False
Is 2083781 a composite number?
True
Is 140263 composite?
False
Is 104501 prime?
False
Is 92317 composite?
False
Is 26747 a composite number?
True
Is 525517 composite?
False
Is 164221 a prime number?
False
Is 1733 a composite number?
False
Is 494103 composite?
True
Is 4985 a composite number?
True
Is 56299 composite?
False
Is 188483 prime?
True
Is 47339 a prime number?
True
Is 31469 a prime number?
True
Is 28141 a prime number?
False
Is 762721 composite?
False
Is 270091 a composite number?
True
Is 1399 prime?
True
Is 474767 a composite number?
True
Is 22 composite?
True
Is 79103 composite?
False
Is 271619 a composite number?
False
Is 938743 prime?
False
Is 54221 a prime number?
False
Is 9563 a prime number?
False
Is 157969 composite?
True
Is 343163 composite?
False
Is 2661 a composite number?
True
Is 129169 prime?
True
Is 103289 composite?
False
Is 6247 prime?
True
Is 6263 a composite number?
False
Is 264995 composite?
True
Is 5125685 a composite number?
True
Is 495077 a composite number?
True
Is 24117 a prime number?
False
Is 32167 prime?
False
Is 339187 a prime number?
True
Is 2361845 a prime number?
False
Is 4327 prime?
True
Is 3989 a composite number?
False
Is 63955 prime?
False
Is 3009247 composite?
True
Is 6218 a prime number?
False
Is 4691 prime?
True
Is 995389 prime?
False
Is 5951 a composite number?
True
Is 3749 a prime number?
False
Is 215681 prime?
True
Is 91433 prime?
True
Is 132421 a composite number?
False
Is 9677 a composite number?
False
Is 1151 prime?
True
Is 565759 a composite number?
True
Is 391 composite?
True
Is 50033 a prime number?
True
Is 45143 composite?
True
Is 2993 a prime number?
False
Is 530731 prime?
True
Is 775549 composite?
True
Is 59333 a composite number?
False
Is 70393 prime?
True
Is 37187 a composite number?
True
Is 66151 prime?
False
Is 1003 prime?
False
Is 133847 a prime number?
False
Is 29123 composite?
False
Is 827245 prime?
False
Is 48383 a 